ctors of 26061.
3, 7, 17, 73
What are the prime factors of 7825?
5, 313
What are the prime factors of 12533?
83, 151
List the prime factors of 3159.
3, 13
What are the prime factors of 5514?
2, 3, 919
What are the prime factors of 37913?
31, 1223
What are the prime factors of 23514?
2, 3, 3919
List the prime factors of 3539.
3539
List the prime factors of 98209.
17, 53, 109
What are the prime factors of 717?
3, 239
List the prime factors of 16028.
2, 4007
List the prime factors of 154750.
2, 5, 619
List the prime factors of 12855.
3, 5, 857
What are the prime factors of 42237?
3, 13, 19
What are the prime factors of 20748?
2, 3, 7, 13, 19
List the prime factors of 501.
3, 167
List the prime factors of 21847.
7, 3121
What are the prime factors of 1652?
2, 7, 59
List the prime factors of 87349.
113, 773
What are the prime factors of 4339?
4339
List the prime factors of 11228.
2, 7, 401
List the prime factors of 21323.
21323
What are the prime factors of 1021?
1021
List the prime factors of 16732.
2, 47, 89
What are the prime factors of 7545?
3, 5, 503
List the prime factors of 789.
3, 263
What are the prime factors of 2054?
2, 13, 79
List the prime factors of 896.
2, 7
What are the prime factors of 5051?
5051
List the prime factors of 26220.
2, 3, 5, 19, 23
List the prime factors of 443.
443
What are the prime factors of 2835?
3, 5, 7
What are the prime factors of 12192?
2, 3, 127
What are the prime factors of 54696?
2, 3, 43, 53
List the prime factors of 244.
2, 61
What are the prime factors of 2664?
2, 3, 37
What are the prime factors of 598?
2, 13, 23
List the prime factors of 4977.
3, 7, 79
List the prime factors of 17656.
2, 2207
What are the prime factors of 2998?
2, 1499
List the prime factors of 516.
2, 3, 43
List the prime factors of 543.
3, 181
What are the prime factors of 37886?
2, 19, 997
What are the prime factors of 205?
5, 41
List the prime factors of 990.
2, 3, 5, 11
List the prime factors of 5424.
2, 3, 113
What are the prime factors of 277?
277
List the prime factors of 830.
2, 5, 83
What are the prime factors of 10785?
3, 5, 719
What are the prime factors of 7511?
7, 29, 37
List the prime factors of 904.
2, 113
List the prime factors of 11793.
3, 3931
List the prime factors of 135784.
2, 11, 1543
What are the prime factors of 14739?
3, 17
List the prime factors of 3382.
2, 19, 89
What are the prime factors of 46065?
3, 5, 37, 83
List the prime factors of 3243.
3, 23, 47
What are the prime factors of 341?
11, 31
List the prime factors of 1043.
7, 149
List the prime factors of 4035.
3, 5, 269
List the prime factors of 1728.
2, 3
What are the prime factors of 1010?
2, 5, 101
What are the prime factors of 8004?
2, 3, 23, 29
List the prime factors of 1358.
2, 7, 97
List the prime factors of 1984.
2, 31
List the prime factors of 1771.
7, 11, 23
List the prime factors of 3548.
2, 887
List the prime factors of 13742.
2, 6871
What are the prime factors of 5551?
7, 13, 61
What are the prime factors of 33755?
5, 43, 157
List the prime factors of 116802.
2, 3, 7, 103
What are the prime factors of 10097?
23, 439
List the prime factors of 4664.
2, 11, 53
List the prime factors of 253.
11, 23
What are the prime factors of 351?
3, 13
List the prime factors of 71807.
71807
List the prime factors of 1156.
2, 17
List the prime factors of 147882.
2, 3, 7, 503
List the prime factors of 44813.
41, 1093
List the prime factors of 9497.
9497
What are the prime factors of 684?
2, 3, 19
What are the prime factors of 1870?
2, 5, 11, 17
What are the prime factors of 4338?
2, 3, 241
List the prime factors of 45820.
2, 5, 29, 79
What are the prime factors of 31553?
139, 227
List the prime factors of 2026.
2, 1013
List the prime factors of 589.
19, 31
List the prime factors of 6565.
5, 13, 101
List the prime factors of 11022.
2, 3, 11, 167
What are the prime factors of 6657?
3, 7, 317
List the prime factors of 13815.
3, 5, 307
What are the prime factors of 3404?
2, 23, 37
List the prime factors of 54255.
3, 5, 3617
What are the prime factors of 84042?
2, 3, 7, 23, 29
What are the prime factors of 36456?
2, 3, 7, 31
What are the prime factors of 3110?
2, 5, 311
What are the prime factors of 20337?
3, 6779
List the prime factors of 1119.
3, 373
What are the prime factors of 112060?
2, 5, 13, 431
List the prime factors of 25947.
3, 31
What are the prime factors of 1742?
2, 13, 67
List the prime factors of 505.
5, 101
What are the prime factors of 22419?
3, 47, 53
What are the prime factors of 5162?
2, 29, 89
List the prime factors of 6314.
2, 7, 11, 41
List the prime factors of 1962.
2, 3, 109
What are the prime factors of 12346?
2, 6173
List the prime factors of 34010.
2, 5, 19, 179
What are the prime factors of 302?
2, 151
What are the prime factors of 326?
2, 163
What are the prime factors of 35338?
2, 17669
List the prime factors of 266.
2, 7, 19
List the prime factors of 1178.
2, 19, 31
List the prime factors of 4250.
2, 5, 17
List the prime factors of 1271.
31, 41
List the prime factors of 23322.
2, 3, 13, 23
List the prime factors of 40.
2, 5
What are the prime factors of 3053?
43, 71
What are the prime factors of 1016?
2, 127
What are the prime factors of 55800?
2, 3, 5, 31
List the prime factors of 24298.
2, 12149
What are the prime factors of 5971?
7, 853
List the prime factors of 6678.
2, 3, 7, 53
List the prime factors of 50596.
2, 7, 13, 139
List the prime factors of 6838.
2, 13, 263
What are the prime factors of 689?
13, 53
What are the prime factors of 29673?
3, 7, 157
List the prime factors of 3524.
2, 881
List the prime factors of 22477.
7, 13, 19
List the prime factors of 40011.
3, 13337
List the prime factors of 564.
2, 3, 47
What are the prime factors of 572?
2, 11, 13
What are the prime factors of 2463?
3, 821
What are the prime factors of 4?
2
What are the prime factors of 2923?
37, 79
What are the prime factors of 8623?
8623
What are the prime factors of 15084?
2, 3, 419
What are the prime factors of 13733?
31, 443
List the prime factors of 13773.
3, 4591
List the prime factors of 925.
5, 37
List the prime factors of 14341.
14341
List the prime factors of 5151.
3, 17, 101
What are the prime factors of 3451?
7, 17, 29
List the prime factors of 621.
3, 23
What are the prime factors of 26767?
13, 29, 71
List the prime factors of 34707.
3, 23, 503
List the prime factors of 757.
757
What are the prime factors of 941?
941
What are the prime factors of 10439?
11, 13, 73
What are the prime factors of 874?
2, 19, 23
What are the prime factors of 415?
5, 83
What are the prime factors of 83692?
2, 7, 61
List the prime factors of 33123.
3, 61, 181
List the prime factors of 12324.
2, 3, 13, 79
What are the prime factors of 1062?
2, 3, 59
What are the prime factors of 2535?
3, 5, 13
List the prime factors of 98505.
3, 5, 11, 199
What are the prime factors of 458?
2, 229
What are the prime factors of 59662?
2, 23, 1297
What are the prime factors of 15975?
3, 5, 71
List the prime factors of 633.
3, 211
What are the prime factors of 1113?
3, 7, 53
List the prime factors of 680.
2, 5, 17
List the prime factors of 120279.
3, 40093
List the prime factors of 145.
5, 29
List the prime factors of 79502.
2, 127, 313
List the prime factors of 5899.
17, 347
List the prime factors of 24274.
2, 53, 229
List the prime factors of 53599.
7, 13, 19, 31
What are the prime factors of 37340?
2, 5, 1867
What are the prime factors of 2974?
2, 1487
List the prime factors of 1013.
1013
List the prime factors of 7621.
7621
List the prime factors of 75766.
2, 43, 881
List the prime factors of 31387.
31387
What are the prime factors of 343?
7
What are the prime factors of 880?
2, 5, 11
What are the prime factors of 1169?
7, 167
List the prime factors of 11394.
2, 3, 211
List the prime factors of 13076.
2, 7, 467
What are the prime factors of 412?
2, 103
List the prime factors of 242.
2, 11
List the prime factors of 379.
379
List the prime factors of 27.
3
List the prime factors of 4268.
2, 11, 97
List the prime factors of 17683.
17683
What are the prime factors of 25952?
2, 811
List the prime factors of 14656.
2, 229
List the prime factors of 65577.
3, 21859
List the prime factors of 31780.
2, 5, 7, 227
What are the prime factors of 69864?
2, 3, 41, 71
List the prime factor